s b(-10)?
-4
Let m(w) = 12*w**3 - 4*w + 3. Determine m(1).
11
Let t(j) = j**2 - 2*j - 15. Determine t(5).
0
Let b(s) = 19*s. Calculate b(1).
19
Let s(a) = -19*a + 61. Determine s(3).
4
Let t(f) = 8*f**2 + 228*f - 229. What is t(1)?
7
Let b(o) = -o**3 + 11*o**2 + 10*o + 5. What is b(12)?
-19
Let i(a) = -a**3 + 12*a**2 - 9*a - 29. Determine i(11).
-7
Let w(g) = -g**3 - 4*g**2 + 10*g + 8. Calculate w(-5).
-17
Let g(u) = -15*u - 220. Give g(-15).
5
Let w(s) = -10*s + 44. What is w(9)?
-46
Let u(o) = o**3 - 11*o**2 + 14*o + 38. What is u(8)?
-42
Let d(a) = -a**3 + 6*a**2 - 2. Give d(5).
23
Let l(r) = -3*r + 78. Give l(25).
3
Let u(s) = 2*s**2 - 25*s - 49. Calculate u(14).
-7
Let a(o) = -o**3 + 6*o**2 - 4*o - 10. What is a(5)?
-5
Let g(o) = -o**3 - o + 8. Calculate g(0).
8
Let y(o) = o**2 + 21*o - 15. What is y(-23)?
31
Let d(c) = -c**3 + 24*c**2 + 26*c + 47. Calculate d(25).
72
Let a(i) = -15*i + 12. Give a(-5).
87
Let d(p) = 7*p - 50. Give d(6).
-8
Let m(v) = 7*v**2. Determine m(-1).
7
Let d(r) = 2*r - 20. Calculate d(7).
-6
Let k(s) = -s**2 - 6*s + 4. Give k(-4).
12
Let l(h) = h**3 - 3*h**2 + h + 14. Give l(0).
14
Let f(v) = v**2 + 36*v + 28. Calculate f(-35).
-7
Let w(g) = -g**3 + 6*g**2 - 5*g. Give w(5).
0
Let h(q) = 18*q - 15. What is h(1)?
3
Let k(s) = 2*s**2 + 20*s + 29. What is k(-8)?
-3
Let m(u) = u**3 - 15*u**2 + 3*u - 16. Give m(15).
29
Let r(l) = l**3 - 17*l**2 + 33*l - 38. What is r(15)?
7
Let k(x) = -x**2 - 13*x + 10. Determine k(-14).
-4
Let u(f) = 11*f + 21. Determine u(-6).
-45
Let m(l) = l**3 + 47*l**2 + 45*l - 53. What is m(-46)?
-7
Let u(b) = -b - 74. What is u(-4)?
-70
Let f(m) = -2*m + 30. Give f(21).
-12
Let i(n) = n - 6. Calculate i(5).
-1
Let j(w) = w - 14. What is j(8)?
-6
Let b(c) = -3*c**3 + 3*c**2 + 4*c - 3. Calculate b(2).
-7
Let f(w) = -w**2 - 32*w - 162. Give f(-7).
13
Let j(g) = 3*g**2 - 3*g + 3. Determine j(1).
3
Let s(k) = -k + 34. Give s(-27).
61
Let z(k) = -k**2 + 3*k + 6. Calculate z(7).
-22
Let z(s) = s**3 - 2*s**2 - 2*s + 2. What is z(3)?
5
Let x(g) = 8*g + 95. Give x(-12).
-1
Let d(j) = 10*j**2 + 238*j - 55. Calculate d(-24).
-7
Let k(v) = -13*v - 15. What is k(-5)?
50
Let a(j) = 4*j - 3. Give a(-1).
-7
Let n(i) = -i + 5. Give n(6).
-1
Let u(x) = -x**3 - 22*x**2 + 37*x + 309. What is u(-23)?
-13
Let l(a) = a**3 + 61*a**2 - 132*a - 388. What is l(-63)?
-10
Let p(b) = b**3 + 8*b**2 - 11*b - 15. What is p(-9)?
3
Let f(t) = -t - 14. Give f(8).
-22
Let p(u) = -u**2 - 11*u + 38. Give p(-7).
66
Let x(n) = -61*n**2 + 5*n - 2. Determine x(1).
-58
Let q(s) = -23*s**3 + 2*s - 2. Give q(1).
-23
Let d(m) = -m**3 + 21*m**2 - 36*m + 322. Give d(20).
2
Let c(s) = -s**2 - 9*s - 10. Give c(-7).
4
Let j(k) = 3*k**2 - 5*k. Give j(2).
2
Let g(s) = 23*s + 101. Determine g(-4).
9
Let x(r) = r**2 + 3. Calculate x(0).
3
Let h(y) = 83*y - 910. Give h(11).
3
Let k(u) = -5*u + 71. What is k(13)?
6
Let s(g) = g**2 + 12*g - 39. What is s(-13)?
-26
Let x(f) = f**2 + 1. Calculate x(-5).
26
Let n(r) = -r + 17. What is n(0)?
17
Let c(w) = w**3 + 5*w**2 + 5*w + 78. Give c(-6).
12
Let o(l) = -l**3 + 5*l**2 - 4*l + 2. Calculate o(5).
-18
Let l(c) = 18*c - 3. Calculate l(1).
15
Let t(j) = -j + 13. Give t(6).
7
Let t(v) = v**3 + 4*v**2 + 2*v + 5. Calculate t(-4).
-3
Let v(h) = 2*h**2 - 2*h + 6. Calculate v(3).
18
Let j(i) = -8*i**2 - 9*i + 22. Calculate j(2).
-28
Let t(a) = a**2 - 31*a + 142. What is t(25)?
-8
Let n(y) = y**3 + 6*y**2 + 8*y - 3. Give n(-2).
-3
Let u(h) = -2*h - 25. Give u(-15).
5
Let g(f) = -6*f - 33. Calculate g(-4).
-9
Let l(u) = -43*u - 337. Determine l(-8).
7
Let y(c) = -2*c**3 + c**2 - 2*c + 3. Calculate y(2).
-13
Let d(c) = 3*c + 15. Give d(-2).
9
Let b(v) = -v**3 + 2*v**2 + 7*v - 8. Give b(3).
4
Let g(p) = 13*p. Calculate g(-2).
-26
Let y(h) = -h**2 - 7*h + 7. Calculate y(-8).
-1
Let v(a) = -a**3 + 6*a**2 + 6*a - 11. What is v(7)?
-18
Let a(q) = 17*q - 57. What is a(2)?
-23
Let b(y) = -2*y**3 + 5*y + 2. Determine b(-3).
41
Let l(w) = -3*w + 36. Determine l(10).
6
Let v(p) = -2*p**2 - 17*p - 4. What is v(-8)?
4
Let c(n) = -2*n - 5. Calculate c(-3).
1
Let f(h) = -h + 13. Give f(-9).
22
Let p(n) = -n**3 + 11*n**2 + 2*n - 25. What is p(11)?
-3
Let z(y) = 21*y - 1. Give z(2).
41
Let y(h) = h**2 + 7*h - 25. Give y(-12).
35
Let k(q) = -2*q**2 - 4*q + 6. Calculate k(-3).
0
Let q(d) = -d**3 + 6*d**2 - 3*d + 4. What is q(4)?
24
Let d(i) = i**3 - 10*i**2 - 11*i + 9. What is d(11)?
9
Let i(w) = -25*w + 69. Determine i(4).
-31
Let j(s) = -s**3 - 4*s**2 - 4*s + 2. Give j(-4).
18
Let s(c) = 2*c**3 - 12*c**2 - 2*c + 4. What is s(6)?
-8
Let y(o) = o**3 - 6*o**2 + 5*o - 8. What is y(6)?
22
Let w(l) = -8*l**3 + l**2 + l. What is w(-1)?
8
Let q(p) = -p**3 + 24*p**2 + 26*p - 37. What is q(25)?
-12
Let s(n) = 7*n + 15. Determine s(0).
15
Let i(q) = -2*q**3 - 17*q**2 + 13*q + 1. Determine i(-9).
-35
Let k(q) = q**3 - 2*q**2 + 3*q + 3. Determine k(4).
47
Let f(a) = 31*a**3 + a**2 + 2*a + 1. Determine f(-1).
-31
Let a(t) = -6*t + 6. Give a(3).
-12
Let j(q) = -37*q - 117. What is j(-3)?
-6
Let d(n) = -n**2 + 8*n - 8. Determine d(10).
-28
Let c(i) = -5*i**2 + 3*i - 3. Give c(2).
-17
Let p(g) = -2*g**2 - 32*g - 5. Determine p(-15).
25
Let f(v) = -v**3 - 2*v**2 + 15*v. Determine f(-5).
0
Let n(c) = c**2 + c + 5. Determine n(-4).
17
Let z(h) = 14*h - 228. Determine z(17).
10
Let k(i) = i**2 - 15*i + 40. Give k(9).
-14
Let g(r) = -r**3 + 2*r - 2. Give g(3).
-23
Let f(t) = -7*t**3 - 2*t**2 - t - 4. What is f(0)?
-4
Let y(k) = 8*k + 156. What is y(-17)?
20
Let h(w) = 5*w - 31. Determine h(11).
24
Let n(u) = -3*u + 3. Determine n(-3).
12
Let a(p) = -65*p**3 + 2*p**2 - 2*p + 1. Determine a(1).
-64
Let z(q) = -q - 2. Determine z(7).
-9
Let a(k) = -5*k**2 - 117*k - 45. Calculate a(-23).
1
Let q(k) = k**2 - 7*k + 13. Calculate q(6).
7
Let h(s) = -s**3 - 8*s**2 - 7*s + 3. Calculate h(-7).
3
Let f(n) = -n**2 - 2*n - 6. Calculate f(-7).
-41
Let m(b) = b**3 + 8*b**2 + 8*b - 6. Calculate m(-7).
-13
Let f(v) = -5*v + 2. Determine f(-1).
7
Let b(f) = -2*f**2 + 17*f + 54. Calculate b(11).
-1
Let h(z) = z + 14. Give h(-15).
-1
Let l(b) = -b**3 + 11*b**2 - 23*b - 6. Determine l(8).
2
Let v(j) = -3*j + 11. Determine v(7).
-10
Let g(o) = -o**2 + 7*o - 1. Give g(5).
9
Let k(j) = j**2 - 4*j + 13. What is k(7)?
34
Let r(k) = -2*k - 1. Determine r(6).
-13
Let q(k) = -2*k**2 + 22*k - 31. Determine q(9).
5
Let b(n) = 10*n + 7. Give b(-1).
-3
Let p(h) = h**2 + 13*h + 23. Give p(-11).
1
Let m(h) = -3*h**2 - 4*h + 4. Give m(5).
-91
Let j(r) = r**3 - 4*r**2 - 25*r + 16. Calculate j(7).
-12
Let w(x) = -2*x**3 + x**2 + 5*x + 4. Determine w(-1).
2
Let z(g) = g**3 - 10*g**2 - g + 8. Determine z(10).
-2
Let s(w) = -w**2 + 4*w - 2. Give s(3).
1
Let w(q) = q - 7. Calculate w(8).
1
Let g(b) = -b**3 - 3*b**2 - b - 3. Give g(-3).
0
Let s(p) = -11*p**3 + p + 4. Give s(-2).
90
Let u(k) = -k**2 - 5*k - 5. Determine u(-4).
-1
Let h(a) = -a**3 + 5*a**2 - 3*a - 1. Calculate h(3).
8
Let f(r) = -4*r**3 + 2*r**2 + r + 2. Determine f(-1).
7
Let x(t) = -5*t + 58. What is x(12)?
-2
Let q(s) = -s**2 - s + 14. Calculate q(0).
14
Let a(y) = y**3 + 7*y**2 + 3*y - 14. Determine a(-6).
4
Let k(g) = 2*g + 25. What is k(-8)?
9
Let d(z) = -3*z + 26. What is d(10)?
-4
Let p(r) = -2*r**2 - 31*r + 289. Calculate p(-22).
3
Let u(d) = d**3 - 8*d**2 - 2*d + 4. Calculate u(8).
-12
Let b(n) = 72*n + 5. Calculate b(-1).
-67
Let x(v) = -v**3 - 15*v**2 + 15*v - 3. Determine x(-16).
13
Let j(d) = -d**3 + 14*d**2 + 16*d - 17. Determine j(15).
-2
Let r(b) = 14*b**3 + 2*b**2 - b - 2. Calculate r(-1).
-13
Let k(o) = o**3 - 4*o**2 + 2*o + 1. Give k(4).
9
Let d(i) = -i**2 + 32*i + 127. Calculate d(-4).
-17
Let d(x) = -6*x. Give d(-1).
6
Let x(s) = -s + 17. Calculate x(6).
11
Let m(o) = 28*o - 1015. What is m(36)?
-7
Let u(o) = 2*o + 4. Determine u(-14).
-24
Let x(j) = j**2 - 25*j + 32. Determine x(4).
-52
Let x(a) = a**3 - 7*a**2 - 9*a + 14. Calculate x(8).
6
Let l(m) = -22*m - 20. Calculate l(-4).
68
Let y(n) = 6*n**2 - 41*n + 1. Determine y(7).
8
Let o(k) = k**3 - 4*k**2 - 8*k - 12. What is o(7)?
79
Let n(f) = 10*f - 1. Calculate n(-2).
-21
Let k(c) = c**3 + 7*c**2 + 10*c + 8. Give k(-6).
-16
Let q(g) = 3*g**2 + 5*g - 4. Determine q(-3).
8
Let g(x) = -3*x**2 - 45*x - 15. Determine g(-15).
-15
Let i(d) = -d**3 + 9*d**2 + 12